{"id":3398,"date":"2024-02-06T11:03:35","date_gmt":"2024-02-06T11:03:35","guid":{"rendered":"https:\/\/vrtc.pt\/home\/?page_id=3398"},"modified":"2024-03-08T09:11:17","modified_gmt":"2024-03-08T09:11:17","slug":"questionario-de-diagnostico-excel","status":"publish","type":"page","link":"https:\/\/vrtc.pt\/home\/questionario-de-diagnostico-excel\/","title":{"rendered":"Question\u00e1rio de Diagnostico Excel"},"content":{"rendered":"\t\t<div data-elementor-type=\"wp-page\" data-elementor-id=\"3398\" class=\"elementor elementor-3398\" data-elementor-post-type=\"page\">\n\t\t\t\t<div class=\"elementor-element elementor-element-507eeef e-flex e-con-boxed e-con e-parent\" data-id=\"507eeef\" data-element_type=\"container\" data-e-type=\"container\" data-settings=\"{&quot;background_background&quot;:&quot;classic&quot;,&quot;background_motion_fx_motion_fx_scrolling&quot;:&quot;yes&quot;,&quot;background_motion_fx_scale_effect&quot;:&quot;yes&quot;,&quot;background_motion_fx_scale_range&quot;:{&quot;unit&quot;:&quot;%&quot;,&quot;size&quot;:&quot;&quot;,&quot;sizes&quot;:{&quot;start&quot;:0,&quot;end&quot;:100}},&quot;background_motion_fx_motion_fx_mouse&quot;:&quot;yes&quot;,&quot;background_motion_fx_mouseTrack_effect&quot;:&quot;yes&quot;,&quot;background_motion_fx_scale_direction&quot;:&quot;out-in&quot;,&quot;background_motion_fx_scale_speed&quot;:{&quot;unit&quot;:&quot;px&quot;,&quot;size&quot;:4,&quot;sizes&quot;:[]},&quot;background_motion_fx_devices&quot;:[&quot;desktop&quot;,&quot;tablet&quot;,&quot;mobile&quot;],&quot;background_motion_fx_mouseTrack_speed&quot;:{&quot;unit&quot;:&quot;px&quot;,&quot;size&quot;:1,&quot;sizes&quot;:[]}}\">\n\t\t\t\t\t<div class=\"e-con-inner\">\n\t\t\t\t<div class=\"elementor-element elementor-element-1861c40 elementor-invisible elementor-widget elementor-widget-heading\" data-id=\"1861c40\" data-element_type=\"widget\" data-e-type=\"widget\" data-settings=\"{&quot;_animation&quot;:&quot;fadeInUp&quot;}\" data-widget_type=\"heading.default\">\n\t\t\t\t<div class=\"elementor-widget-container\">\n\t\t\t\t\t<h2 class=\"elementor-heading-title elementor-size-default\">Question\u00e1rio de Diagn\u00f3stico Excel<\/h2>\t\t\t\t<\/div>\n\t\t\t\t<\/div>\n\t\t\t\t\t<\/div>\n\t\t\t\t<\/div>\n\t\t<div class=\"elementor-element elementor-element-f2a4833 e-flex e-con-boxed e-con e-child\" data-id=\"f2a4833\" data-element_type=\"container\" data-e-type=\"container\" data-settings=\"{&quot;background_background&quot;:&quot;classic&quot;}\">\n\t\t\t\t\t<div class=\"e-con-inner\">\n\t\t<div class=\"elementor-element elementor-element-2f2f995 e-con-full e-flex e-con e-child\" data-id=\"2f2f995\" data-element_type=\"container\" data-e-type=\"container\">\n\t\t\t\t<\/div>\n\t\t<div class=\"elementor-element elementor-element-4c322c7 e-con-full e-flex elementor-invisible e-con e-child\" data-id=\"4c322c7\" data-element_type=\"container\" data-e-type=\"container\" data-settings=\"{&quot;animation&quot;:&quot;fadeInUp&quot;,&quot;animation_delay&quot;:400}\">\n\t\t\t\t<div class=\"elementor-element elementor-element-e114c02 elementor-invisible elementor-widget elementor-widget-text-editor\" data-id=\"e114c02\" data-element_type=\"widget\" data-e-type=\"widget\" data-settings=\"{&quot;_animation&quot;:&quot;fadeInUp&quot;,&quot;_animation_delay&quot;:200}\" data-widget_type=\"text-editor.default\">\n\t\t\t\t<div class=\"elementor-widget-container\">\n\t\t\t\t\t\t\t\t\tEste question\u00e1rio de diagn\u00f3stico tem como objetivo identificar as necessidades efetivamente existentes, para que a forma\u00e7\u00e3o da qual far\u00e1 parte seja o mais proveitosa poss\u00edvel. Pedimos que responda \u00e0s quest\u00f5es abaixo e realize um pequeno exerc\u00edcio no final. Desde j\u00e1 obrigado pela sua colabora\u00e7\u00e3o.\t\t\t\t\t\t\t\t<\/div>\n\t\t\t\t<\/div>\n\t\t\t\t<div class=\"elementor-element elementor-element-f1c71b9 elementor-widget elementor-widget-spacer\" data-id=\"f1c71b9\" data-element_type=\"widget\" data-e-type=\"widget\" data-widget_type=\"spacer.default\">\n\t\t\t\t<div class=\"elementor-widget-container\">\n\t\t\t\t\t\t\t<div class=\"elementor-spacer\">\n\t\t\t<div class=\"elementor-spacer-inner\"><\/div>\n\t\t<\/div>\n\t\t\t\t\t\t<\/div>\n\t\t\t\t<\/div>\n\t\t\t\t<div class=\"elementor-element elementor-element-e4f5276 elementor-button-align-start elementor-widget elementor-widget-form\" data-id=\"e4f5276\" data-element_type=\"widget\" data-e-type=\"widget\" data-settings=\"{&quot;step_next_label&quot;:&quot;Next&quot;,&quot;step_previous_label&quot;:&quot;Previous&quot;,&quot;button_width&quot;:&quot;100&quot;,&quot;step_type&quot;:&quot;number_text&quot;,&quot;step_icon_shape&quot;:&quot;circle&quot;}\" data-widget_type=\"form.default\">\n\t\t\t\t<div class=\"elementor-widget-container\">\n\t\t\t\t\t\t\t<form class=\"elementor-form\" method=\"post\" name=\"Formul\u00e1rio Excel Bial\" aria-label=\"Formul\u00e1rio Excel Bial\">\n\t\t\t<input type=\"hidden\" name=\"post_id\" value=\"3398\"\/>\n\t\t\t<input type=\"hidden\" name=\"form_id\" value=\"e4f5276\"\/>\n\t\t\t<input type=\"hidden\" name=\"referer_title\" value=\"Question\u00e1rio de Diagnostico Excel\" \/>\n\n\t\t\t\t\t\t\t<input type=\"hidden\" name=\"queried_id\" value=\"3398\"\/>\n\t\t\t\n\t\t\t<div class=\"elementor-form-fields-wrapper elementor-labels-above\">\n\t\t\t\t\t\t\t\t<div class=\"elementor-field-type-text elementor-field-group elementor-column elementor-field-group-nome elementor-col-50 elementor-md-100\">\n\t\t\t\t\t\t\t\t\t\t\t\t<label for=\"form-field-nome\" class=\"elementor-field-label\">\n\t\t\t\t\t\t\t\tNome\t\t\t\t\t\t\t<\/label>\n\t\t\t\t\t\t\t\t\t\t\t\t\t\t<input size=\"1\" type=\"text\" name=\"form_fields[nome]\" id=\"form-field-nome\" class=\"elementor-field elementor-size-md  elementor-field-textual\">\n\t\t\t\t\t\t\t\t\t\t\t<\/div>\n\t\t\t\t\t\t\t\t<div class=\"elementor-field-type-email elementor-field-group elementor-column elementor-field-group-email elementor-col-50 elementor-md-100\">\n\t\t\t\t\t\t\t\t\t\t\t\t<label for=\"form-field-email\" class=\"elementor-field-label\">\n\t\t\t\t\t\t\t\tEmail\t\t\t\t\t\t\t<\/label>\n\t\t\t\t\t\t\t\t\t\t\t\t\t\t<input size=\"1\" type=\"email\" name=\"form_fields[email]\" id=\"form-field-email\" class=\"elementor-field elementor-size-md  elementor-field-textual\">\n\t\t\t\t\t\t\t\t\t\t\t<\/div>\n\t\t\t\t\t\t\t\t<div class=\"elementor-field-type-text elementor-field-group elementor-column elementor-field-group-departamento elementor-col-100 elementor-field-required\">\n\t\t\t\t\t\t\t\t\t\t\t\t<label for=\"form-field-departamento\" class=\"elementor-field-label\">\n\t\t\t\t\t\t\t\tDepartamento\t\t\t\t\t\t\t<\/label>\n\t\t\t\t\t\t\t\t\t\t\t\t\t\t<input size=\"1\" type=\"text\" name=\"form_fields[departamento]\" id=\"form-field-departamento\" class=\"elementor-field elementor-size-md  elementor-field-textual\" required=\"required\">\n\t\t\t\t\t\t\t\t\t\t\t<\/div>\n\t\t\t\t\t\t\t\t<div class=\"elementor-field-type-select elementor-field-group elementor-column elementor-field-group-frequencia elementor-col-100 elementor-field-required\">\n\t\t\t\t\t\t\t\t\t\t\t\t<label for=\"form-field-frequencia\" class=\"elementor-field-label\">\n\t\t\t\t\t\t\t\tQual a frequ\u00eancia de uso do Excel no seu Trabalho?\t\t\t\t\t\t\t<\/label>\n\t\t\t\t\t\t\t\t<div class=\"elementor-field elementor-select-wrapper remove-before \">\n\t\t\t<div class=\"select-caret-down-wrapper\">\n\t\t\t\t<i aria-hidden=\"true\" class=\"eicon-caret-down\"><\/i>\t\t\t<\/div>\n\t\t\t<select name=\"form_fields[frequencia]\" id=\"form-field-frequencia\" class=\"elementor-field-textual elementor-size-md\" required=\"required\">\n\t\t\t\t\t\t\t\t\t<option value=\"Selecione\">Selecione<\/option>\n\t\t\t\t\t\t\t\t\t<option value=\"Diariamente\">Diariamente<\/option>\n\t\t\t\t\t\t\t\t\t<option value=\"Semanalmente\">Semanalmente<\/option>\n\t\t\t\t\t\t\t\t\t<option value=\"Raramente\">Raramente<\/option>\n\t\t\t\t\t\t\t\t\t<option value=\"Nunca\">Nunca<\/option>\n\t\t\t\t\t\t\t<\/select>\n\t\t<\/div>\n\t\t\t\t\t\t<\/div>\n\t\t\t\t\t\t\t\t<div class=\"elementor-field-type-checkbox elementor-field-group elementor-column elementor-field-group-funcionalidades elementor-col-100\">\n\t\t\t\t\t\t\t\t\t\t\t\t<label for=\"form-field-funcionalidades\" class=\"elementor-field-label\">\n\t\t\t\t\t\t\t\tQuais as funcionalidades do Excel que utiliza regularmente?\t\t\t\t\t\t\t<\/label>\n\t\t\t\t\t\t<div class=\"elementor-field-subgroup  \"><span class=\"elementor-field-option\"><input type=\"checkbox\" value=\"F\u00f3rmulas B\u00e1sicas\" id=\"form-field-funcionalidades-0\" name=\"form_fields[funcionalidades][]\"> <label for=\"form-field-funcionalidades-0\">F\u00f3rmulas B\u00e1sicas<\/label><\/span><span class=\"elementor-field-option\"><input type=\"checkbox\" value=\"Filtros\" id=\"form-field-funcionalidades-1\" name=\"form_fields[funcionalidades][]\"> <label for=\"form-field-funcionalidades-1\">Filtros<\/label><\/span><span class=\"elementor-field-option\"><input type=\"checkbox\" value=\"Organiza\u00e7\u00e3o de dados\" id=\"form-field-funcionalidades-2\" name=\"form_fields[funcionalidades][]\"> <label for=\"form-field-funcionalidades-2\">Organiza\u00e7\u00e3o de dados<\/label><\/span><span class=\"elementor-field-option\"><input type=\"checkbox\" value=\"Valida\u00e7\u00e3o de dados\" id=\"form-field-funcionalidades-3\" name=\"form_fields[funcionalidades][]\"> <label for=\"form-field-funcionalidades-3\">Valida\u00e7\u00e3o de dados<\/label><\/span><span class=\"elementor-field-option\"><input type=\"checkbox\" value=\"Tabelas Din\u00e2micas\" id=\"form-field-funcionalidades-4\" name=\"form_fields[funcionalidades][]\"> <label for=\"form-field-funcionalidades-4\">Tabelas Din\u00e2micas<\/label><\/span><span class=\"elementor-field-option\"><input type=\"checkbox\" value=\"Gr\u00e1ficos\" id=\"form-field-funcionalidades-5\" name=\"form_fields[funcionalidades][]\"> <label for=\"form-field-funcionalidades-5\">Gr\u00e1ficos<\/label><\/span><span class=\"elementor-field-option\"><input type=\"checkbox\" value=\"Outras\" id=\"form-field-funcionalidades-6\" name=\"form_fields[funcionalidades][]\"> <label for=\"form-field-funcionalidades-6\">Outras<\/label><\/span><\/div>\t\t\t\t<\/div>\n\t\t\t\t\t\t\t\t<div class=\"elementor-field-type-text elementor-field-group elementor-column elementor-field-group-outrasfuncionalidades elementor-col-100\">\n\t\t\t\t\t\t\t\t\t\t\t\t<label for=\"form-field-outrasfuncionalidades\" class=\"elementor-field-label\">\n\t\t\t\t\t\t\t\tQuais Funcionalidades?\t\t\t\t\t\t\t<\/label>\n\t\t\t\t\t\t\t\t\t\t\t\t\t\t<input size=\"1\" type=\"text\" name=\"form_fields[outrasfuncionalidades]\" id=\"form-field-outrasfuncionalidades\" class=\"elementor-field elementor-size-md  elementor-field-textual\">\n\t\t\t\t\t\t\t\t\t\t\t<\/div>\n\t\t\t\t\t\t\t\t<div class=\"elementor-field-type-text elementor-field-group elementor-column elementor-field-group-areas elementor-col-100\">\n\t\t\t\t\t\t\t\t\t\t\t\t<label for=\"form-field-areas\" class=\"elementor-field-label\">\n\t\t\t\t\t\t\t\tQuais \u00e1reas do Excel gostaria de melhorar durante a forma\u00e7\u00e3o?\t\t\t\t\t\t\t<\/label>\n\t\t\t\t\t\t\t\t\t\t\t\t\t\t<input size=\"1\" type=\"text\" name=\"form_fields[areas]\" id=\"form-field-areas\" class=\"elementor-field elementor-size-md  elementor-field-textual\" placeholder=\"Desafios espec\u00edficos \/ \u00e1reas de interesse \/ dificuldades...\">\n\t\t\t\t\t\t\t\t\t\t\t<\/div>\n\t\t\t\t\t\t\t\t<div class=\"elementor-field-type-html elementor-field-group elementor-column elementor-field-group-field_fed8d3e elementor-col-100\">\n\t\t\t\t\t<p class=\"download-content-p\">Clique no link para fazer download do exerc\u00edcio de diagn\u00f3stico associado \u00e0 forma\u00e7\u00e3o. \u00c9-lhe pedido que complete o exerc\u00edcio de acordo com as indica\u00e7\u00f5es disponibilizadas no mesmo. No final, por favor anexe o documento no bot\u00e3o \u201cupload\u201d e envie a sua resposta. <\/p>\n\n<a href=\"https:\/\/vrtc.pt\/home\/wp-content\/uploads\/2024\/02\/Questionario_Diagnostico.xlsx\" target=\"_blank\" class=\"btn-download-exercicio\">Download Exerc\u00edcio <\/a>\t\t\t\t<\/div>\n\t\t\t\t\t\t\t\t<div class=\"elementor-field-type-upload elementor-field-group elementor-column elementor-field-group-ficheiro elementor-col-100 elementor-field-required\">\n\t\t\t\t\t\t\t\t\t\t\t\t<label for=\"form-field-ficheiro\" class=\"elementor-field-label\">\n\t\t\t\t\t\t\t\tAnexar Ficheiro\t\t\t\t\t\t\t<\/label>\n\t\t\t\t\t\t\t\t<input type=\"file\" name=\"form_fields[ficheiro]\" id=\"form-field-ficheiro\" class=\"elementor-field elementor-size-md  elementor-upload-field\" required=\"required\" data-maxsize=\"5\" data-maxsize-message=\"This file exceeds the maximum allowed size.\">\n\n\t\t\t\t\t\t<\/div>\n\t\t\t\t\t\t\t\t<div class=\"elementor-field-group elementor-column elementor-field-type-submit elementor-col-100 e-form__buttons\">\n\t\t\t\t\t<button class=\"elementor-button elementor-size-sm elementor-animation-float\" type=\"submit\" id=\"button-hover-portfolio\">\n\t\t\t\t\t\t<span class=\"elementor-button-content-wrapper\">\n\t\t\t\t\t\t\t\t\t\t\t\t\t\t\t<span class=\"elementor-button-icon\">\n\t\t\t\t\t\t\t\t\t<i aria-hidden=\"true\" class=\"fas fa-long-arrow-alt-right\"><\/i>\t\t\t\t\t\t\t\t\t\t\t\t\t\t\t\t\t<\/span>\n\t\t\t\t\t\t\t\t\t\t\t\t\t\t\t\t\t\t\t\t\t\t<span class=\"elementor-button-text\">Enviar Diagn\u00f3stico<\/span>\n\t\t\t\t\t\t\t\t\t\t\t\t\t<\/span>\n\t\t\t\t\t<\/button>\n\t\t\t\t<\/div>\n\t\t\t<\/div>\n\t\t<\/form>\n\t\t\t\t\t\t<\/div>\n\t\t\t\t<\/div>\n\t\t\t\t<\/div>\n\t\t<div class=\"elementor-element elementor-element-54d0a3c e-con-full e-flex e-con e-child\" data-id=\"54d0a3c\" data-element_type=\"container\" data-e-type=\"container\">\n\t\t\t\t<\/div>\n\t\t\t\t\t<\/div>\n\t\t\t\t<\/div>\n\t\t\t\t<\/div>\n\t\t","protected":false},"excerpt":{"rendered":"<p>Question\u00e1rio de Diagn\u00f3stico Excel Este question\u00e1rio de diagn\u00f3stico tem como objetivo identificar as necessidades efetivamente existentes, para que a forma\u00e7\u00e3o da qual far\u00e1 parte seja o mais proveitosa poss\u00edvel. Pedimos que responda \u00e0s quest\u00f5es abaixo e realize um pequeno exerc\u00edcio no final. Desde j\u00e1 obrigado pela sua colabora\u00e7\u00e3o.<\/p>\n","protected":false},"author":2,"featured_media":0,"parent":0,"menu_order":0,"comment_status":"closed","ping_status":"closed","template":"elementor_header_footer","meta":{"_acf_changed":false,"_sitemap_exclude":false,"_sitemap_priority":"","_sitemap_frequency":"","footnotes":""},"class_list":["post-3398","page","type-page","status-publish","hentry"],"acf":[],"aioseo_notices":[],"_links":{"self":[{"href":"https:\/\/vrtc.pt\/home\/wp-json\/wp\/v2\/pages\/3398","targetHints":{"allow":["GET"]}}],"collection":[{"href":"https:\/\/vrtc.pt\/home\/wp-json\/wp\/v2\/pages"}],"about":[{"href":"https:\/\/vrtc.pt\/home\/wp-json\/wp\/v2\/types\/page"}],"author":[{"embeddable":true,"href":"https:\/\/vrtc.pt\/home\/wp-json\/wp\/v2\/users\/2"}],"replies":[{"embeddable":true,"href":"https:\/\/vrtc.pt\/home\/wp-json\/wp\/v2\/comments?post=3398"}],"version-history":[{"count":13,"href":"https:\/\/vrtc.pt\/home\/wp-json\/wp\/v2\/pages\/3398\/revisions"}],"predecessor-version":[{"id":3478,"href":"https:\/\/vrtc.pt\/home\/wp-json\/wp\/v2\/pages\/3398\/revisions\/3478"}],"wp:attachment":[{"href":"https:\/\/vrtc.pt\/home\/wp-json\/wp\/v2\/media?parent=3398"}],"curies":[{"name":"wp","href":"https:\/\/api.w.org\/{rel}","templated":true}]}}